1 is divided by 29?
22
What is the remainder when 100371 is divided by 100228?
143
Calculate the remainder when 1167 is divided by 114.
27
Calculate the remainder when 18846 is divided by 76.
74
What is the remainder when 1076 is divided by 308?
152
What is the remainder when 12435 is divided by 254?
243
Calculate the remainder when 114325 is divided by 8.
5
Calculate the remainder when 2353 is divided by 144.
49
What is the remainder when 12279 is divided by 1227?
9
What is the remainder when 7027 is divided by 7019?
8
What is the remainder when 4896131 is divided by 278?
273
Calculate the remainder when 6736 is divided by 1680.
16
Calculate the remainder when 1107 is divided by 667.
440
What is the remainder when 3882 is divided by 163?
133
What is the remainder when 8641 is divided by 431?
21
What is the remainder when 316644 is divided by 247?
237
What is the remainder when 562 is divided by 77?
23
Calculate the remainder when 104743 is divided by 6979.
58
Calculate the remainder when 116884 is divided by 58384.
116
What is the remainder when 596430 is divided by 2161?
2155
What is the remainder when 1839799 is divided by 544?
535
Calculate the remainder when 4414 is divided by 2070.
274
Calculate the remainder when 9111 is divided by 2511.
1578
Calculate the remainder when 2262 is divided by 324.
318
What is the remainder when 54891 is divided by 646?
627
What is the remainder when 21268 is divided by 139?
1
What is the remainder when 2708 is divided by 15?
8
What is the remainder when 11362 is divided by 476?
414
What is the remainder when 2219150 is divided by 27?
20
What is the remainder when 13753 is divided by 13?
12
Calculate the remainder when 7868 is divided by 41.
37
Calculate the remainder when 715 is divided by 16.
11
Calculate the remainder when 58892 is divided by 29442.
8
What is the remainder when 3514 is divided by 590?
564
What is the remainder when 13489 is divided by 42?
7
Calculate the remainder when 16216 is divided by 7164.
1888
What is the remainder when 10022 is divided by 436?
430
Calculate the remainder when 19094 is divided by 335.
334
What is the remainder when 18522 is divided by 65?
62
What is the remainder when 9303 is divided by 75?
3
Calculate the remainder when 44279 is divided by 214.
195
What is the remainder when 2406 is divided by 409?
361
What is the remainder when 733915 is divided by 3580?
15
What is the remainder when 2183 is divided by 276?
251
Calculate the remainder when 96608 is divided by 249.
245
What is the remainder when 7457 is divided by 8?
1
What is the remainder when 3692 is divided by 1817?
58
What is the remainder when 10494 is divided by 154?
22
Calculate the remainder when 73980 is divided by 2.
0
Calculate the remainder when 2906 is divided by 2846.
60
Calculate the remainder when 27075 is divided by 148.
139
Calculate the remainder when 71378 is divided by 83.
81
What is the remainder when 9483 is divided by 195?
123
Calculate the remainder when 11133 is divided by 107.
5
What is the remainder when 42372 is divided by 113?
110
Calculate the remainder when 10249 is divided by 1022.
29
Calculate the remainder when 349207 is divided by 235.
232
What is the remainder when 20526 is divided by 54?
6
Calculate the remainder when 170682 is divided by 664.
34
What is the remainder when 8430 is divided by 8344?
86
What is the remainder when 3754 is divided by 1207?
133
What is the remainder when 34058 is divided by 58?
12
Calculate the remainder when 946814 is divided by 23.
19
What is the remainder when 5836 is divided by 81?
4
What is the remainder when 3858 is divided by 276?
270
What is the remainder when 77107 is divided by 84?
79
Calculate the remainder when 386511 is divided by 784.
783
What is the remainder when 3699599 is divided by 31?
28
What is the remainder when 99589 is divided by 267?
265
What is the remainder when 10260 is divided by 142?
36
Calculate the remainder when 97406 is divided by 455.
36
Calculate the remainder when 319611 is divided by 35511.
12
Calculate the remainder when 50464 is divided by 801.
1
What is the remainder when 1654539 is divided by 219?
213
What is the remainder when 1865 is divided by 820?
225
What is the remainder when 20242 is divided by 9590?
1062
What is the remainder when 41854 is divided by 162?
58
Calculate the remainder when 1188 is divided by 29.
28
What is the remainder when 129110 is divided by 587?
557
What is the remainder when 20934 is divided by 2973?
123
Calculate the remainder when 1044 is divided by 486.
72
Calculate the remainder when 2983286 is divided by 718.
714
What is the remainder when 8695 is divided by 42?
1
What is the remainder when 3603 is divided by 38?
31
Calculate the remainder when 427274 is divided by 148.
146
What is the remainder when 1194 is divided by 615?
579
What is the remainder when 700 is divided by 46?
10
What is the remainder when 14781 is divided by 27?
12
What is the remainder when 38474 is divided by 33?
29
Calculate the remainder when 6701 is divided by 51.
20
Calculate the remainder when 30542 is divided by 925.
17
Calculate the remainder when 7393 is divided by 60.
13
Calculate the remainder when 158993 is divided by 7949.
13
Calculate the remainder when 269896 is divided by 756.
4
What is the remainder when 24546 is divided by 430?
36
What is the remainder when 17018 is divided by 148?
146
Calculate the remainder when 13329 is divided by 12.
9
Calculate the remainder when 9519 is divided by 247.
133
Calculate the remainder when 2180 is divided by 307.
31
Calculate the remainder when 21984 is divided by 7146.
546
Calculate the remainder when 9179 is divided by 475.
154
Calculate the remainder when 35637 is divided by 11741.
414
What is the remainder when 5724 is divided by 436?
56
What is the remainder when 13668 is divided by 9?
6
Calculate the remainder when 10295 is divided by 2045.
70
What is the remainder when 31944 is divided by 3549?
3
What is the remainder when 175119 is divided by 81?
78
What is the remainder when 534 is divided by 424?
110
What is the remainder when 21346 is divided by 189?
178
Calculate the remainder when 403834 is divided by 41.
25
Calculate the remainder when 11320 is divided by 61.
35
Calculate the remainder when 7279 is divided by 104.
103
What is the remainder when 1808 is divided by 9?
8
Calculate the remainder when 62079 is divided by 1.
0
What is the remainder when 420939 is divided by 10?
9
Calculate the remainder when 33889 is divided by 217.
37
What is the remainder when 6271290 is divided by 1569?
1566
What is the remainder when 38435 is divided by 226?
15
Calculate the remainder when 104739 is divided by 442.
427
What is the remainder when 6291 is divided by 897?
12
What is the remainder when 692560 is divided by 176?
0
What is the remainder when 40962 is divided by 31?
11
Calculate the remainder when 8404 is divided by 10.
4
What is the remainder when 2930 is divided by 51?
23
What is the remainder when 9297 is divided by 3079?
60
What is the remainder when 6192 is divided by 137?
27
Calculate the remainder when 26315 is divided by 1749.
80
What is the remainder when 13518 is divided by 13?
11
Calculate the remainder when 3813 is divided by 469.
61
What is the remainder when 1662 is divided by 138?
6
What is the remainder when 1242 is divided by 213?
177
What is the remainder when 1036 is divided by 909?
127
Calculate the remainder when 8627308 is divided by 11.
8
What is the remainder when 8374 is divided by 435?
109
What is the remainder when 222078 is divided by 1791?
1785
What is the remainder when 27554 is divided by 190?
4
What is the remainder when 26048 is divided by 1003?
973
Calculate the remainder when 143820 is divided by 251.
248
Calculate the remainder when 536799 is divided by 200.
199
What is the remainder when 43912 is divided by 18?
10
Calculate the remainder when 9588 is divided by 9577.
11
Calculate the remainder when 4016 is divided by 56.
40
Calculate the remainder when 3176 is divided by 1451.
274
Calculate the remainder when 8954 is divided by 4289.
376
What is the remainder when 7130 is divided by 711?
20
Calculate the remainder when 990138 is divided by 192.
186
Calculate the remainder when 4629 is divided by 2289.
51
What